f -29 - (-37 - -23 - 44)?
29
Calculate 26 + -7 + 13 + 3 + -15.
20
What is the value of 26 - 41 - (8 - 10 - (1 - 1))?
-13
What is the value of -3 + -14 + 8 + -4 - -1?
-12
Calculate -14 + 0 + (34 - (18 - -10)) - 21.
-29
What is (-1 - -2 - -3 - 11) + 7?
0
(1 - -13) + (-26 - -14) - (-1 - -15)
-12
What is the value of 1 + -4 - (-54 + 52 - 3)?
2
(0 + 5 - ((-19 - -4) + 11)) + 4
13
28 + (-13 - 15) + (-1 - (1 - 1))
-1
What is the value of ((-1 - 6) + -16 + 1 - -8) + 0?
-14
What is (18 - 33) + (-1 - -1)?
-15
(6 - (16 + 6)) + 5
-11
(-11 - -7) + (10 - -14) + -8
12
Calculate -7 + 8 + -23 + 15.
-7
What is the value of -7 + -2 + 10 + 22 + -33?
-10
What is -3 + (9 + 1 - (5 + 1)) + 12?
13
Calculate -1 + (-1 + -4 - (2 + 3)).
-11
Calculate -1 - (18 - (-9 - -23) - (-1 + 0)).
-6
What is the value of 22 - (-11 - (-5 - 18))?
10
Evaluate -1 + 3 + (21 - 11) - 2.
10
What is 1 + -10 - ((7 - 14) + 0) - -22?
20
Calculate (8 + -1 - (-55 + 49)) + -3.
10
Evaluate 8 + -36 - (-299 - -258).
13
Calculate 4 - 2 - (-2 + -1 + 17).
-12
Calculate -22 + 12 - (57 + -47 + (-8 - -1)).
-13
Evaluate (10 - 5 - -4) + -21.
-12
Calculate (14 - 15 - 12) + -1 + 6 + -6.
-14
What is (4 + -23 - -17) + -3?
-5
What is -13 - ((7 - (15 + 0)) + 3)?
-8
What is 1 + -15 - (5 - 10)?
-9
What is the value of -15 + (2 + 34 - 16)?
5
What is the value of -31 - ((-7 - (-13 - -10) - -8) + -6)?
-29
What is 42 + -16 - ((3 - 6) + 1 - -2)?
26
What is the value of 33 - 12 - (58 + -7)?
-30
What is -9 - (-4 + 13 + 1 + -4 + 1)?
-16
What is 16 + 4 + (1 - 6)?
15
Evaluate -1 - (-47 - -1) - (-20 - (4 - 36)).
33
What is the value of -14 + 55 - 21 - (1 - -10)?
9
Calculate (2 - (13 - 9)) + 4 - -4.
6
What is (-37 - -1 - -3) + 213 + -202?
-22
(7 - (26 - 29)) + -9 + 6
7
-12 + (11 - 20) + 11
-10
What is the value of (-4 - 17) + (23 - -2)?
4
Calculate 9 + 8 + -14 + -10 + 21.
14
What is the value of 41 + (-9 - 10) + -11?
11
What is (-6 - -14) + 5 - -11 - 10?
14
Evaluate (22 - 11) + -3 + (-21 - -1).
-12
Calculate -3 + (1 - 2) - -24 - (-8 + 13).
15
What is the value of 37 - (-7 + 59 - 25)?
10
What is 9 + (2 - -1) + 20 + -26 + -7?
-1
19 + 1 + -28 + 13
5
What is the value of -292 + 294 - (2 + 8)?
-8
What is the value of 22 + -37 - (2 + -32)?
15
Evaluate -8 + (8 + (-3 - 2) - 2).
-7
(2 - 3) + 5 - 4 - (-21 + 23)
-2
Evaluate 20 - (0 + 4 - -18).
-2
(-23 - -16) + -5 + (5 - 12)
-19
Evaluate 1 + 2 + (287 - 305).
-15
-23 + 20 + 1 + -4 + (10 - 0)
4
Evaluate (-319 - -334 - (0 + 5)) + 18.
28
Calculate 16 + -11 + -8 + -6.
-9
What is the value of -11 + (-9 - -64) + -28?
16
What is 1 - (7 - (-2 - -5 - (-6 + -1)))?
4
What is the value of -9 - (-14 - -11) - -5?
-1
Evaluate 0 + -11 - (-16 + -12 + 53 + -28).
-8
What is (14 + -10 - 9) + (13 - 4)?
4
Calculate 7 + (-13 - (-10 + -2) - 29).
-23
Evaluate 34 - (26 + -7) - ((-2 - -2) + -3).
18
(0 - 13) + (25 - 9)
3
-11 - ((27 - (19 + -3)) + (2 - 49))
25
What is (40 - 53) + 8 + -1 + -3 - 4?
-13
Calculate -3 + (0 - -2) - -9 - (-1 - 4).
13
Calculate 13 - -28 - 19 - 12.
10
-15 + (0 - (13 + 0))
-28
Calculate 47 + 4 - 4 - (3 - (-30 - -22)).
36
Calculate -12 + (-1 - (-21 - -12)).
-4
Evaluate -2 + 1 + -3 + -2 + 54 + -34.
14
Evaluate -4 - (-3 - (3 + 4 - 2)).
4
What is the value of 29 - 18 - ((2 - -3) + -2)?
8
Evaluate -9 - (23 - (22 + 4)).
-6
Calculate 3 + -8 + 3 + -4 - -3 - -17.
14
Calculate 0 + -2 - 2 - (20 + (6 - 22)).
-8
Calculate -6 - (-11 + (-6 - -17)).
-6
What is the value of -23 - (1 + -2 + (15 - (10 + 5)))?
-22
What is the value of -24 + -6 + -14 + 37?
-7
Evaluate -7 + 4 + (1 - -10) + -4.
4
(-15 - -2 - -6) + -29
-36
What is -66 + -10 + 76 + -14 + 1?
-13
Evaluate -16 + -1 - (78 - 76).
-19
What is the value of (-4 - -9) + (-2 - -1 - 2)?
2
What is -10 + (19 - (-6 - -14))?
1
What is 48 - (-15 - (-23 - 9))?
31
What is the value of 174 - 178 - (-8 - ((2 - 1) + 0))?
5
Evaluate (-15 - -40) + 13 - (11 - -4).
23
What is the value of -2 + 27 + -18 + -25?
-18
What is 9 + -20 + (-2 + -1 - -4) + 1?
-9
What is (11 - 24) + 5 + 31?
23
Calculate 10 + (-16 - -1) - -14 - 21.
-12
-4 - -1 - (18 + -19)
-2
What is the value of (1 + -12 - -14) + -8?
-5
(17 + 9 - 48) + -12
-34
Calculate -11 + (-207 - -242) + 0 + 1.
25
Evaluate -14 - (-18 + 30 + -31).
5
4 - (2 + -1) - -1 - (7986 - 7988)
6
What is the value of -62 - -52 - (-2 - -6 - -13)?
-27
What is -32 + 3 - (-139 + 132)?
-22
What is 3 + -34 + 9 + 3?
-19
Evaluate -261 - -301 - (21 + -5).
24
-11 + -18 + 45 - 18
-2
What is the value of 5 + 5 + 4 + -10?
4
Evaluate (0 - (2 + 8)) + 1 - 2.
-11
Evaluate (100 - 98) + (-1 - (-1 + -1)) - 2.
1
Calculate 6 + 5 + -24 - 8.
-21
What is -7 - (18 + -18 + -8 + 20)?
-19
What is the value of (-19 - -21) + (-22 - -5)?
-15
What is the value of -14 + 2 + (2 - 4) - (20 - 13)?
-21
(-15 - -3) + 6 - -4 - -8
6
What is (2 - -1) + 2 + (90 - 36 - 72)?
-13
4 + -1 + 6 + -1 - (1 - -2)
5
Evaluate -1 + 3 + -20 + 0 + -5 + 10.
-13
What is the value of -13 - (-1 - 9) - 2 - (-5 + -1)?
1
What is the value of -2 + (3 - (22 - 15))?
-6
What is the value of 11 + -1 - (7 + -2 - (-43 - -51))?
13
What is -10 + 2 + (4 - -31) + -5?
22
(23 + -13 + -1 - (-12 - -2)) + -9
10
Calculate -4 + 5 + (-108 + 108 - (10 + 1)).
-10
Evaluate 9 + 10 + -6 + -1 + 0 - 37.
-25
What is 0 + -2 + -10 - (-632 + 644)?
-24
(-11 - -3 - (14 + -7 - 7)) + 6
-2
What is the value of (-26 - (30 - 50)) + 18?
12
Calculate 25 - (-11 + (2 - -19)).
15
Calculate 0 + 7 + -3 - (6 + (-5 - -12)).
-9
What is the value of (19 - 20) + 3 + 10 + 5?
17
What is the value of (-2 - 20) + (168 - 153)?
-7
Evaluate (-10 - (-3 + (1 - 10) + 10)) + 14.
6
Calculate -4 + 10 + -22 + (2 + 5 - 4).
-13
79 + (10 - 90) - (7 - -1 - -2)
-11
What is the value of 34 - (15 - 3) - 16?
6
What is the value of 371 - 389 - (-2 + (-6 - 0))?
-10
Evaluate -8 + -8 + (-3 - -2 - -7).
-10
44 - 17 - (5 + -2 - (-6 - -6))
24
(-39 - 47) + 96 + -10 + 0
0
What is 0 - (4 + -7 - -1) - 10?
-8
What is the value of -3 - (-8 + -18) - (-13 - -2)?
34
Calculate -206 + 201 + (-1 - -12).
6
Calculate 8 - (-18 + 6 + 9 + 1).
10
-64 - -61 - ((-2 - -5) + 7)
-13
12 + -13 + -4 + 14
9
What is the value of 1 + -23 + (-5 - (6 - 23))?
-10
What is 6 - ((3 - 0) + (-7 - (5 + -8)))?
7
What is the value of 17 + 13 + 10 + -49 - (-30 - 0)?
21
What is 0 - 12 - (35 + (33 - 20 - 38))?
-22
Evaluate 2 + 5 + -6 + 4 - (-1 - -4).
2
-7 + 0 + 4 - (-13 - (-12 - -3))
1
What is (-5 - (-12 - -8)) + (0 - 1) + 12?
10
What is the value of 7 + (-35 - -13 - -6)?
-9
What is -6 + (-7 + -18 - -23) + (0 - 3)?
-11
What is (-29 - 40 - -54) + (0 - -2)?
-13
Evaluate -11 - (-13 + 18) - (-5 - 0).
-11
19 + (-20 - -20) + -20
-1
What is 1905 - 1912 - (-14 - (-2 + 1))?
6
Evaluate 0 + -5 + -2 + 0 + -61 + 68.
0
What is (-5 - -8 - 1) + 0 + -6 + 7?
3
What is the value of (-11 + 5 - -7) + -1 + -18 + 1?
-17
What is (18 - (30 - 17)) + -22?
-17
4 + (-45 - (-41 - -18))
-18
What is -4 + 0 + (4 + -4 - -1) + 7?
4
Evaluate 116 + -121 - (-14 + 2 + 2 + 0).
5
What is 4 - ((-1 - (-1 - 5)) + (-9 - 1))?
9
-13 - (13 - 26) - -24
24
What is the value of -8 - (21 + -12 + 11 + -4)?
-24
What is the value of 7 + -4 - ((-2 - 5) + -6 - -7)?
9
-4 + 7 - -2 - (5 - -9 - 20)
11
-16 - ((-18 - -9) + 5 + 5)
-17
What is 24 + -26 + 8 + 1?
7
What is the value of 17 - (14 - (34 + -34))?
3
-53 + 59 - (-1 - 3)
10
Calculate (-11 - (7 - (19 + -11))) + 2 + -1.
-9
What is 0 + (0 - -1) + 13 - (-33 + 37)?
10
What is the value of (10 - 4 - (2 + 1)) + 7?
10
Calculate 7 - -1 - (-30 - -23).
15
What is 3 + -27 + (116 - 100)?
-8
14 + -30 + 22 + 17
23
Calculate 2 - (-3 - -8) - (-17 - (2 + -4)).
12
170 + -182 + (7 - -1) - (-1 - -5)
-8
Evaluate 9 + -11 - 8 - -5 - 2 - -3.
-4
What is -1 - (-13 + -1 + (103 - 83))?
-7
What is the value of (-13 - (4 - 3)) + (-11 - -20 - 13)?
-18
What is 1 - (-2 - (12 - (-2 + 8 + -3)))?
12
-1 - (0 + -5) - (4 + -1 + -10)
11
Evaluate 13 - (1 - 13 - -17).
8
What is 17 + -34 + 18 - 1?
0
Calculate (-4 - (37 - 25)) + -7.
-23
Calculate 0 - 1 - (31 + (-99 - -47)).
20
Calculate 0 - 7 - -27 - 8.
12
Evaluate (-29 - 8) + (16 - 4) + 10.
-15
Evaluate (16 - 21) + 19 - 9.
5
What is (0 - (8 + 2)) + (23 - -3)?
16
What is (-18 + 24 - 1) + 19?
24
7 + (-1 - 25 - (3 + -2)) + 7
-13
-42 + 4 + -206 + 222
-22
What is the value of -6 - (-793 + 808 - (-1 - (0 + 0)))?
-22
Calculate -4 - (-6 + (11 + -25 - (-5 - 1))).
10
What is the value of 13 + -18 + 23 + -15?
3
What is 15 - 19 - (-5 + -2)